{"id":85,"date":"2023-12-05T15:50:52","date_gmt":"2023-12-05T14:50:52","guid":{"rendered":"https:\/\/www.parken.city\/maw\/?page_id=85"},"modified":"2025-11-19T12:18:33","modified_gmt":"2025-11-19T11:18:33","slug":"erfurt-plakat","status":"publish","type":"page","link":"https:\/\/www.parken.city\/maw\/erfurt-plakat\/","title":{"rendered":"Plakatnetz Th\u00fcringen"},"content":{"rendered":"\n<p><strong>Ihre Kampagnenwerbung f\u00fcr kulturelle Veranstaltungen, Messen, Feste, Sonderaktionen etc.<\/strong><\/p>\n\n\n\n<p>Seit September 2018 bieten wir Ihnen in den Parkobjekten der St\u00e4dte Erfurt, Jena und Weimar die Anmietung von Wechselrahmen im gebr\u00e4uchlichen Format DIN A1 f\u00fcr einen vierw\u00f6chigen Aushang an.<\/p>\n\n\n\n<p>Die Anbringungsorte der Wechselrahmen befinden sich allesamt entlang der Zwangslaufrichtung zum Verlassen und Betreten der Parkobjekte sowie an Orten mit Verweildauer, wie zum Beispiel an Kassenautomaten oder Wartebereichen vor und in Fahrst\u00fchlen.<\/p>\n\n\n\n<p>Das zur Anmietung bereitgestellte Netz beinhaltet folgende Parkobjekte mit Anzahl der Wechselrahmen :<\/p>\n\n\n\n<ul class=\"wp-block-list\">\n<li>Erfurt &#8211; Tiefgarage Domplatz&nbsp;<\/li>\n\n\n\n<li>Erfurt &#8211; Parkhaus Hauptbahnhof&nbsp;<\/li>\n\n\n\n<li>Erfurt &#8211; Parkhaus Hirschgarten&nbsp;<\/li>\n\n\n\n<li>Erfurt &#8211; Parkhaus Forum 1<\/li>\n\n\n\n<li>Erfurt &#8211; Parkhaus Forum 2&nbsp;<\/li>\n\n\n\n<li>Erfurt &#8211; Parkhaus Forum 3&nbsp;<\/li>\n\n\n\n<li>Erfurt &#8211; Tiefgarage Thomaseck&nbsp;<\/li>\n\n\n\n<li>Erfurt &#8211; Tiefgarage Hanseplatz<\/li>\n\n\n\n<li>Erfurt &#8211; Parkhaus Am Stadion&nbsp;<\/li>\n\n\n\n<li>Erfurt &#8211; Parkhaus Stadtwerke&nbsp;<\/li>\n\n\n\n<li>Erfurt &#8211; Tiefgarage Theater&nbsp;<\/li>\n\n\n\n<li>Jena &#8211; Parkhaus Universit\u00e4tsklinikum&nbsp;<\/li>\n\n\n\n<li>Weimar &#8211; Tiefgarage Goethehaus&nbsp;<\/li>\n\n\n\n<li>Weimar &#8211; Tiefgarage Hauptpost&nbsp;<\/li>\n<\/ul>\n\n\n\n<h3 class=\"wp-block-heading\">MEDIADATEN<\/h3>\n\n\n\n<figure class=\"wp-block-table\"><table><tbody><tr><td>Werbetr\u00e4ger:<\/td><td>40 Wechselrahmen DIN A1<\/td><\/tr><tr><td>Plakatma\u00df:<\/td><td>594 x 841 mm<\/td><\/tr><tr><td>Aushang 4 Wochen:<\/td><td>900,00 \u20ac (zzgl. gesetzl. MwSt.)<\/td><\/tr><tr><td>Preisg\u00fcltigkeit:<\/td><td>f\u00fcr das Jahr 2026<\/td><\/tr><tr><td>optionale Druckkosten<\/td><td>149,00 \u20ac (zzgl. gesetzl. MwSt.) nach Zusendung druckf\u00e4higer Daten<\/td><\/tr><tr><td><\/td><td>Montage-\/Demontagekosten: 199,00 \u20ac (zzgl. gesetzl. MwSt.)<\/td><\/tr><\/tbody><\/table><\/figure>\n","protected":false},"excerpt":{"rendered":"<p>Ihre Kampagnenwerbung f\u00fcr kulturelle Veranstaltungen, Messen, Feste, Sonderaktionen etc. Seit September 2018 bieten wir Ihnen in den Parkobjekten der St\u00e4dte Erfurt, Jena und Weimar die Anmietung von Wechselrahmen im gebr\u00e4uchlichen [&hellip;]<\/p>\n","protected":false},"author":1,"featured_media":0,"parent":0,"menu_order":0,"comment_status":"closed","ping_status":"closed","template":"","meta":{"footnotes":""},"class_list":["post-85","page","type-page","status-publish","hentry"],"_links":{"self":[{"href":"https:\/\/www.parken.city\/maw\/wp-json\/wp\/v2\/pages\/85","targetHints":{"allow":["GET"]}}],"collection":[{"href":"https:\/\/www.parken.city\/maw\/wp-json\/wp\/v2\/pages"}],"about":[{"href":"https:\/\/www.parken.city\/maw\/wp-json\/wp\/v2\/types\/page"}],"author":[{"embeddable":true,"href":"https:\/\/www.parken.city\/maw\/wp-json\/wp\/v2\/users\/1"}],"replies":[{"embeddable":true,"href":"https:\/\/www.parken.city\/maw\/wp-json\/wp\/v2\/comments?post=85"}],"version-history":[{"count":11,"href":"https:\/\/www.parken.city\/maw\/wp-json\/wp\/v2\/pages\/85\/revisions"}],"predecessor-version":[{"id":233,"href":"https:\/\/www.parken.city\/maw\/wp-json\/wp\/v2\/pages\/85\/revisions\/233"}],"wp:attachment":[{"href":"https:\/\/www.parken.city\/maw\/wp-json\/wp\/v2\/media?parent=85"}],"curies":[{"name":"wp","href":"https:\/\/api.w.org\/{rel}","templated":true}]}}

Plakatnetz Thüringen

<p><strong>Ihre Kampagnenwerbung für kulturelle Veranstaltungen, Messen, Feste, Sonderaktionen etc.</strong></p>



<p>Seit September 2018 bieten wir Ihnen in den Parkobjekten der Städte Erfurt, Jena und Weimar die Anmietung von Wechselrahmen im gebräuchlichen Format DIN A1 für einen vierwöchigen Aushang an.</p>



<p>Die Anbringungsorte der Wechselrahmen befinden sich allesamt entlang der Zwangslaufrichtung zum Verlassen und Betreten der Parkobjekte sowie an Orten mit Verweildauer, wie zum Beispiel an Kassenautomaten oder Wartebereichen vor und in Fahrstühlen.</p>



<p>Das zur Anmietung bereitgestellte Netz beinhaltet folgende Parkobjekte mit Anzahl der Wechselrahmen :</p>



<ul class="wp-block-list">
<li>Erfurt &#8211; Tiefgarage Domplatz&nbsp;</li>



<li>Erfurt &#8211; Parkhaus Hauptbahnhof&nbsp;</li>



<li>Erfurt &#8211; Parkhaus Hirschgarten&nbsp;</li>



<li>Erfurt &#8211; Parkhaus Forum 1</li>



<li>Erfurt &#8211; Parkhaus Forum 2&nbsp;</li>



<li>Erfurt &#8211; Parkhaus Forum 3&nbsp;</li>



<li>Erfurt &#8211; Tiefgarage Thomaseck&nbsp;</li>



<li>Erfurt &#8211; Tiefgarage Hanseplatz</li>



<li>Erfurt &#8211; Parkhaus Am Stadion&nbsp;</li>



<li>Erfurt &#8211; Parkhaus Stadtwerke&nbsp;</li>



<li>Erfurt &#8211; Tiefgarage Theater&nbsp;</li>



<li>Jena &#8211; Parkhaus Universitätsklinikum&nbsp;</li>



<li>Weimar &#8211; Tiefgarage Goethehaus&nbsp;</li>



<li>Weimar &#8211; Tiefgarage Hauptpost&nbsp;</li>
</ul>



<h3 class="wp-block-heading">MEDIADATEN</h3>



<figure class="wp-block-table"><table><tbody><tr><td>Werbeträger:</td><td>40 Wechselrahmen DIN A1</td></tr><tr><td>Plakatmaß:</td><td>594 x 841 mm</td></tr><tr><td>Aushang 4 Wochen:</td><td>900,00 € (zzgl. gesetzl. MwSt.)</td></tr><tr><td>Preisgültigkeit:</td><td>für das Jahr 2026</td></tr><tr><td>optionale Druckkosten</td><td>149,00 € (zzgl. gesetzl. MwSt.) nach Zusendung druckfähiger Daten</td></tr><tr><td></td><td>Montage-/Demontagekosten: 199,00 € (zzgl. gesetzl. MwSt.)</td></tr></tbody></table></figure>

<p>Ihre Kampagnenwerbung für kulturelle Veranstaltungen, Messen, Feste, Sonderaktionen etc. Seit September 2018 bieten wir Ihnen in den Parkobjekten der Städte Erfurt, Jena und Weimar die Anmietung von Wechselrahmen im gebräuchlichen [&hellip;]</p>
